{"id":29217,"date":"2025-10-09T13:25:52","date_gmt":"2025-10-09T11:25:52","guid":{"rendered":"https:\/\/thumpstar-rtm.pl\/?post_type=product&#038;p=29217"},"modified":"2025-10-19T19:38:41","modified_gmt":"2025-10-19T17:38:41","slug":"thumpstar-tsn-300-2t","status":"publish","type":"product","link":"https:\/\/thumpstar-rtm.pl\/index.php\/product\/thumpstar-tsn-300-2t\/","title":{"rendered":"Thumpstar TSN 300 2T"},"content":{"rendered":"<p>Thumpstar TSN 300 2T<br \/>\nModel na 2025<\/p>\n<p>Wersja Enduro z lampami prz\u00f3d i ty\u0142 oraz wy\u015bwietlaczem a tak\u017ce w wersji full Cross bez zamontowanych dodatk\u00f3w o\u015bwietlenia .<br \/>\n(Dodatki wraz z motocyklem w osobnym kartonie lub zamontowane )<\/p>\n<p>ThumpStar TSN 300 dzi\u0119ki elastycznej charakterystyce ,dobry d\u00f3\u0142 i liniowe przej\u015bcie do samej g\u00f3ry,daje du\u017c\u0105 przyjemno\u015b\u0107 z jazdy ,spe\u0142ni oczekiwania wymagaj\u0105cych i do\u015bwiadczonych .<br \/>\nTe modele bior\u0105 czynny udzia\u0142 w zawodach Enduro\/Hard Enduro i CC oraz MX<\/p>\n<p>Bezkonkurencyjny sprz\u0119t w tej klasie cenowej ,nie kupujesz u\u017cywanego motocykla w kt\u00f3rym nie wiesz jaka nie mi\u0142a niespodzianka mo\u017ce Cie czeka\u0107 ,tylko sprzet z wysokiej p\u00f3lki i z dobrym wyposa\u017ceniem.<\/p>\n<p>Opis Motocykla :<br \/>\n-pr\u0119dko\u015b\u0107 maksymalna w granicy 130km\/h<br \/>\n-hamulce: tarczowe, hydrauliczne\/ prz\u00f3d : 260mm , ty\u0142: 240mm<br \/>\n-ko\u0142a: prz\u00f3d: 90\/100-21\u2033 Super soft czerwony pasek<br \/>\nty\u0142: 130\/90-18\u2033 super super soft czerwony pasek<br \/>\n-silnik: 300 2t \/ ch\u0142odzony ciecz\u0105 (Wzorowany na KTM EXC 300)<br \/>\n-Wentylator<br \/>\n\u2013 Wzmocnienia i os\u0142ony ch\u0142odnic .<br \/>\n-Cylinder nicasil<br \/>\n-skrzynia: 6 biegowa<br \/>\n-rozrusznik: elektryczny oraz kopniak<br \/>\n-regulowane zawieszenie prz\u00f3d i ty\u0142 REB\/COMP \/H SPEED<br \/>\n-lampy prz\u00f3d i ty\u0142 ledowe (bardzo mocne)<br \/>\n-Elektroniczny wy\u015bwietlacz , estetyczny i czytelny<\/p>\n","protected":false},"excerpt":{"rendered":"<p>Opis Motocykla :<br \/>\n-pr\u0119dko\u015b\u0107 maksymalna w granicy 130km\/h<br \/>\n-hamulce: tarczowe, hydrauliczne\/ prz\u00f3d : 260mm , ty\u0142: 240mm<br \/>\n-ko\u0142a: prz\u00f3d: 90\/100-21\u2033 Super soft czerwony pasek<br \/>\nty\u0142: 130\/90-18\u2033 super super soft czerwony pasek<br \/>\n-silnik: 300 2t \/ ch\u0142odzony ciecz\u0105 (Wzorowany na KTM EXC 300)<br \/>\n-Wentylator<br \/>\n\u2013 Wzmocnienia i os\u0142ony ch\u0142odnic .<br \/>\n-Cylinder nicasil<br \/>\n-skrzynia: 6 biegowa<br \/>\n-rozrusznik: elektryczny oraz kopniak<br \/>\n-regulowane zawieszenie prz\u00f3d i ty\u0142 REB\/COMP \/H SPEED<br \/>\n-lampy prz\u00f3d i ty\u0142 ledowe (bardzo mocne)<br \/>\n-Elektroniczny wy\u015bwietlacz , estetyczny i czytelny<\/p>\n<p><a class=\"btn btn-style-3d btn-shape-rectangle btn-size-large btn-icon-pos-right\" style=\"background-color: var(--wd-primary-color) !important;\" href=\"https:\/\/thumpstar-rtm.pl\/index.php\/kontakt\/\"><br \/>\n<span class=\"wd-btn-text\" data-elementor-setting-key=\"text\">Zapytaj o dost\u0119pno\u015b\u0107<\/span><\/a><\/p>\n","protected":false},"featured_media":29113,"template":"","meta":[],"product_brand":[],"product_cat":[20],"product_tag":[],"class_list":{"0":"post-29217","1":"product","2":"type-product","3":"status-publish","4":"has-post-thumbnail","6":"product_cat-enduro","8":"first","9":"instock","10":"shipping-taxable","11":"purchasable","12":"product-type-simple"},"yoast_head":"<!-- This site is optimized with the Yoast SEO plugin v26.1.1 - https:\/\/yoast.com\/wordpress\/plugins\/seo\/ -->\n<title>Thumpstar TSN 300 2T - Thumpstar-rtm.pl \u2013 Z pasji do jazdy<\/title>\n<meta name=\"robots\" content=\"index, follow, max-snippet:-1, max-image-preview:large, max-video-preview:-1\" \/>\n<link rel=\"canonical\" href=\"https:\/\/thumpstar-rtm.pl\/index.php\/product\/thumpstar-tsn-300-2t\/\" \/>\n<meta property=\"og:locale\" content=\"pl_PL\" \/>\n<meta property=\"og:type\" content=\"article\" \/>\n<meta property=\"og:title\" content=\"Thumpstar TSN 300 2T - Thumpstar-rtm.pl \u2013 Z pasji do jazdy\" \/>\n<meta property=\"og:description\" content=\"Opis Motocykla : -pr\u0119dko\u015b\u0107 maksymalna w granicy 130km\/h -hamulce: tarczowe, hydrauliczne\/ prz\u00f3d : 260mm , ty\u0142: 240mm -ko\u0142a: prz\u00f3d: 90\/100-21\u2033 Super soft czerwony pasek ty\u0142: 130\/90-18\u2033 super super soft czerwony pasek -silnik: 300 2t \/ ch\u0142odzony ciecz\u0105 (Wzorowany na KTM EXC 300) -Wentylator \u2013 Wzmocnienia i os\u0142ony ch\u0142odnic . -Cylinder nicasil -skrzynia: 6 biegowa -rozrusznik: elektryczny oraz kopniak -regulowane zawieszenie prz\u00f3d i ty\u0142 REB\/COMP \/H SPEED -lampy prz\u00f3d i ty\u0142 ledowe (bardzo mocne) -Elektroniczny wy\u015bwietlacz , estetyczny i czytelny   Zapytaj o dost\u0119pno\u015b\u0107\" \/>\n<meta property=\"og:url\" content=\"https:\/\/thumpstar-rtm.pl\/index.php\/product\/thumpstar-tsn-300-2t\/\" \/>\n<meta property=\"og:site_name\" content=\"Thumpstar-rtm.pl \u2013 Z pasji do jazdy\" \/>\n<meta property=\"article:publisher\" content=\"https:\/\/www.facebook.com\/profile.php?id=61559695304525\" \/>\n<meta property=\"article:modified_time\" content=\"2025-10-19T17:38:41+00:00\" \/>\n<meta property=\"og:image\" content=\"https:\/\/thumpstar-rtm.pl\/wp-content\/uploads\/2025\/10\/TSN300.webp\" \/>\n\t<meta property=\"og:image:width\" content=\"800\" \/>\n\t<meta property=\"og:image:height\" content=\"800\" \/>\n\t<meta property=\"og:image:type\" content=\"image\/webp\" \/>\n<meta name=\"twitter:card\" content=\"summary_large_image\" \/>\n<meta name=\"twitter:label1\" content=\"Szacowany czas czytania\" \/>\n\t<meta name=\"twitter:data1\" content=\"2 minuty\" \/>\n<script type=\"application\/ld+json\" class=\"yoast-schema-graph\">{\"@context\":\"https:\/\/schema.org\",\"@graph\":[{\"@type\":\"WebPage\",\"@id\":\"https:\/\/thumpstar-rtm.pl\/index.php\/product\/thumpstar-tsn-300-2t\/\",\"url\":\"https:\/\/thumpstar-rtm.pl\/index.php\/product\/thumpstar-tsn-300-2t\/\",\"name\":\"Thumpstar TSN 300 2T - Thumpstar-rtm.pl \u2013 Z pasji do jazdy\",\"isPartOf\":{\"@id\":\"https:\/\/thumpstar-rtm.pl\/#website\"},\"primaryImageOfPage\":{\"@id\":\"https:\/\/thumpstar-rtm.pl\/index.php\/product\/thumpstar-tsn-300-2t\/#primaryimage\"},\"image\":{\"@id\":\"https:\/\/thumpstar-rtm.pl\/index.php\/product\/thumpstar-tsn-300-2t\/#primaryimage\"},\"thumbnailUrl\":\"https:\/\/thumpstar-rtm.pl\/wp-content\/uploads\/2025\/10\/TSN300.webp\",\"datePublished\":\"2025-10-09T11:25:52+00:00\",\"dateModified\":\"2025-10-19T17:38:41+00:00\",\"breadcrumb\":{\"@id\":\"https:\/\/thumpstar-rtm.pl\/index.php\/product\/thumpstar-tsn-300-2t\/#breadcrumb\"},\"inLanguage\":\"pl-PL\",\"potentialAction\":[{\"@type\":\"ReadAction\",\"target\":[\"https:\/\/thumpstar-rtm.pl\/index.php\/product\/thumpstar-tsn-300-2t\/\"]}]},{\"@type\":\"ImageObject\",\"inLanguage\":\"pl-PL\",\"@id\":\"https:\/\/thumpstar-rtm.pl\/index.php\/product\/thumpstar-tsn-300-2t\/#primaryimage\",\"url\":\"https:\/\/thumpstar-rtm.pl\/wp-content\/uploads\/2025\/10\/TSN300.webp\",\"contentUrl\":\"https:\/\/thumpstar-rtm.pl\/wp-content\/uploads\/2025\/10\/TSN300.webp\",\"width\":800,\"height\":800},{\"@type\":\"BreadcrumbList\",\"@id\":\"https:\/\/thumpstar-rtm.pl\/index.php\/product\/thumpstar-tsn-300-2t\/#breadcrumb\",\"itemListElement\":[{\"@type\":\"ListItem\",\"position\":1,\"name\":\"Strona g\u0142\u00f3wna\",\"item\":\"https:\/\/thumpstar-rtm.pl\/\"},{\"@type\":\"ListItem\",\"position\":2,\"name\":\"Katalog motocykli\",\"item\":\"https:\/\/thumpstar-rtm.pl\/index.php\/katalog-motocykli-thumpstar\/\"},{\"@type\":\"ListItem\",\"position\":3,\"name\":\"Thumpstar TSN 300 2T\"}]},{\"@type\":\"WebSite\",\"@id\":\"https:\/\/thumpstar-rtm.pl\/#website\",\"url\":\"https:\/\/thumpstar-rtm.pl\/\",\"name\":\"Thumpstar-rtm.pl \u2013 Z pasji do jazdy\",\"description\":\"Poczuj moc. Zdominuj teren.\",\"publisher\":{\"@id\":\"https:\/\/thumpstar-rtm.pl\/#organization\"},\"potentialAction\":[{\"@type\":\"SearchAction\",\"target\":{\"@type\":\"EntryPoint\",\"urlTemplate\":\"https:\/\/thumpstar-rtm.pl\/?s={search_term_string}\"},\"query-input\":{\"@type\":\"PropertyValueSpecification\",\"valueRequired\":true,\"valueName\":\"search_term_string\"}}],\"inLanguage\":\"pl-PL\"},{\"@type\":\"Organization\",\"@id\":\"https:\/\/thumpstar-rtm.pl\/#organization\",\"name\":\"Thumpstar-rtm.pl\",\"url\":\"https:\/\/thumpstar-rtm.pl\/\",\"logo\":{\"@type\":\"ImageObject\",\"inLanguage\":\"pl-PL\",\"@id\":\"https:\/\/thumpstar-rtm.pl\/#\/schema\/logo\/image\/\",\"url\":\"https:\/\/thumpstar-rtm.pl\/wp-content\/uploads\/2025\/10\/rtm_logo.png\",\"contentUrl\":\"https:\/\/thumpstar-rtm.pl\/wp-content\/uploads\/2025\/10\/rtm_logo.png\",\"width\":272,\"height\":114,\"caption\":\"Thumpstar-rtm.pl\"},\"image\":{\"@id\":\"https:\/\/thumpstar-rtm.pl\/#\/schema\/logo\/image\/\"},\"sameAs\":[\"https:\/\/www.facebook.com\/profile.php?id=61559695304525\",\"https:\/\/www.instagram.com\/thumpstar_rtm\/\"]}]}<\/script>\n<!-- \/ Yoast SEO plugin. -->","yoast_head_json":{"title":"Thumpstar TSN 300 2T - Thumpstar-rtm.pl \u2013 Z pasji do jazdy","robots":{"index":"index","follow":"follow","max-snippet":"max-snippet:-1","max-image-preview":"max-image-preview:large","max-video-preview":"max-video-preview:-1"},"canonical":"https:\/\/thumpstar-rtm.pl\/index.php\/product\/thumpstar-tsn-300-2t\/","og_locale":"pl_PL","og_type":"article","og_title":"Thumpstar TSN 300 2T - Thumpstar-rtm.pl \u2013 Z pasji do jazdy","og_description":"Opis Motocykla : -pr\u0119dko\u015b\u0107 maksymalna w granicy 130km\/h -hamulce: tarczowe, hydrauliczne\/ prz\u00f3d : 260mm , ty\u0142: 240mm -ko\u0142a: prz\u00f3d: 90\/100-21\u2033 Super soft czerwony pasek ty\u0142: 130\/90-18\u2033 super super soft czerwony pasek -silnik: 300 2t \/ ch\u0142odzony ciecz\u0105 (Wzorowany na KTM EXC 300) -Wentylator \u2013 Wzmocnienia i os\u0142ony ch\u0142odnic . -Cylinder nicasil -skrzynia: 6 biegowa -rozrusznik: elektryczny oraz kopniak -regulowane zawieszenie prz\u00f3d i ty\u0142 REB\/COMP \/H SPEED -lampy prz\u00f3d i ty\u0142 ledowe (bardzo mocne) -Elektroniczny wy\u015bwietlacz , estetyczny i czytelny   Zapytaj o dost\u0119pno\u015b\u0107","og_url":"https:\/\/thumpstar-rtm.pl\/index.php\/product\/thumpstar-tsn-300-2t\/","og_site_name":"Thumpstar-rtm.pl \u2013 Z pasji do jazdy","article_publisher":"https:\/\/www.facebook.com\/profile.php?id=61559695304525","article_modified_time":"2025-10-19T17:38:41+00:00","og_image":[{"width":800,"height":800,"url":"https:\/\/thumpstar-rtm.pl\/wp-content\/uploads\/2025\/10\/TSN300.webp","type":"image\/webp"}],"twitter_card":"summary_large_image","twitter_misc":{"Szacowany czas czytania":"2 minuty"},"schema":{"@context":"https:\/\/schema.org","@graph":[{"@type":"WebPage","@id":"https:\/\/thumpstar-rtm.pl\/index.php\/product\/thumpstar-tsn-300-2t\/","url":"https:\/\/thumpstar-rtm.pl\/index.php\/product\/thumpstar-tsn-300-2t\/","name":"Thumpstar TSN 300 2T - Thumpstar-rtm.pl \u2013 Z pasji do jazdy","isPartOf":{"@id":"https:\/\/thumpstar-rtm.pl\/#website"},"primaryImageOfPage":{"@id":"https:\/\/thumpstar-rtm.pl\/index.php\/product\/thumpstar-tsn-300-2t\/#primaryimage"},"image":{"@id":"https:\/\/thumpstar-rtm.pl\/index.php\/product\/thumpstar-tsn-300-2t\/#primaryimage"},"thumbnailUrl":"https:\/\/thumpstar-rtm.pl\/wp-content\/uploads\/2025\/10\/TSN300.webp","datePublished":"2025-10-09T11:25:52+00:00","dateModified":"2025-10-19T17:38:41+00:00","breadcrumb":{"@id":"https:\/\/thumpstar-rtm.pl\/index.php\/product\/thumpstar-tsn-300-2t\/#breadcrumb"},"inLanguage":"pl-PL","potentialAction":[{"@type":"ReadAction","target":["https:\/\/thumpstar-rtm.pl\/index.php\/product\/thumpstar-tsn-300-2t\/"]}]},{"@type":"ImageObject","inLanguage":"pl-PL","@id":"https:\/\/thumpstar-rtm.pl\/index.php\/product\/thumpstar-tsn-300-2t\/#primaryimage","url":"https:\/\/thumpstar-rtm.pl\/wp-content\/uploads\/2025\/10\/TSN300.webp","contentUrl":"https:\/\/thumpstar-rtm.pl\/wp-content\/uploads\/2025\/10\/TSN300.webp","width":800,"height":800},{"@type":"BreadcrumbList","@id":"https:\/\/thumpstar-rtm.pl\/index.php\/product\/thumpstar-tsn-300-2t\/#breadcrumb","itemListElement":[{"@type":"ListItem","position":1,"name":"Strona g\u0142\u00f3wna","item":"https:\/\/thumpstar-rtm.pl\/"},{"@type":"ListItem","position":2,"name":"Katalog motocykli","item":"https:\/\/thumpstar-rtm.pl\/index.php\/katalog-motocykli-thumpstar\/"},{"@type":"ListItem","position":3,"name":"Thumpstar TSN 300 2T"}]},{"@type":"WebSite","@id":"https:\/\/thumpstar-rtm.pl\/#website","url":"https:\/\/thumpstar-rtm.pl\/","name":"Thumpstar-rtm.pl \u2013 Z pasji do jazdy","description":"Poczuj moc. Zdominuj teren.","publisher":{"@id":"https:\/\/thumpstar-rtm.pl\/#organization"},"potentialAction":[{"@type":"SearchAction","target":{"@type":"EntryPoint","urlTemplate":"https:\/\/thumpstar-rtm.pl\/?s={search_term_string}"},"query-input":{"@type":"PropertyValueSpecification","valueRequired":true,"valueName":"search_term_string"}}],"inLanguage":"pl-PL"},{"@type":"Organization","@id":"https:\/\/thumpstar-rtm.pl\/#organization","name":"Thumpstar-rtm.pl","url":"https:\/\/thumpstar-rtm.pl\/","logo":{"@type":"ImageObject","inLanguage":"pl-PL","@id":"https:\/\/thumpstar-rtm.pl\/#\/schema\/logo\/image\/","url":"https:\/\/thumpstar-rtm.pl\/wp-content\/uploads\/2025\/10\/rtm_logo.png","contentUrl":"https:\/\/thumpstar-rtm.pl\/wp-content\/uploads\/2025\/10\/rtm_logo.png","width":272,"height":114,"caption":"Thumpstar-rtm.pl"},"image":{"@id":"https:\/\/thumpstar-rtm.pl\/#\/schema\/logo\/image\/"},"sameAs":["https:\/\/www.facebook.com\/profile.php?id=61559695304525","https:\/\/www.instagram.com\/thumpstar_rtm\/"]}]}},"_links":{"self":[{"href":"https:\/\/thumpstar-rtm.pl\/index.php\/wp-json\/wp\/v2\/product\/29217","targetHints":{"allow":["GET"]}}],"collection":[{"href":"https:\/\/thumpstar-rtm.pl\/index.php\/wp-json\/wp\/v2\/product"}],"about":[{"href":"https:\/\/thumpstar-rtm.pl\/index.php\/wp-json\/wp\/v2\/types\/product"}],"version-history":[{"count":19,"href":"https:\/\/thumpstar-rtm.pl\/index.php\/wp-json\/wp\/v2\/product\/29217\/revisions"}],"predecessor-version":[{"id":29469,"href":"https:\/\/thumpstar-rtm.pl\/index.php\/wp-json\/wp\/v2\/product\/29217\/revisions\/29469"}],"wp:featuredmedia":[{"embeddable":true,"href":"https:\/\/thumpstar-rtm.pl\/index.php\/wp-json\/wp\/v2\/media\/29113"}],"wp:attachment":[{"href":"https:\/\/thumpstar-rtm.pl\/index.php\/wp-json\/wp\/v2\/media?parent=29217"}],"wp:term":[{"taxonomy":"product_brand","embeddable":true,"href":"https:\/\/thumpstar-rtm.pl\/index.php\/wp-json\/wp\/v2\/product_brand?post=29217"},{"taxonomy":"product_cat","embeddable":true,"href":"https:\/\/thumpstar-rtm.pl\/index.php\/wp-json\/wp\/v2\/product_cat?post=29217"},{"taxonomy":"product_tag","embeddable":true,"href":"https:\/\/thumpstar-rtm.pl\/index.php\/wp-json\/wp\/v2\/product_tag?post=29217"}],"curies":[{"name":"wp","href":"https:\/\/api.w.org\/{rel}","templated":true}]}}